{"id":2926,"date":"2015-04-13T11:46:38","date_gmt":"2015-04-13T09:46:38","guid":{"rendered":"http:\/\/www.rhsrk.fi\/wp\/?page_id=2926"},"modified":"2020-02-16T16:42:44","modified_gmt":"2020-02-16T14:42:44","slug":"uskoontulo","status":"publish","type":"page","link":"https:\/\/my.luukas.info\/?page_id=2926","title":{"rendered":"USKOONTULO"},"content":{"rendered":"<p>&#8221;Mutta kaikille, jotka ottivat h\u00e4net vastaan,<br \/>\nh\u00e4n antoi oikeuden tulla Jumalan lapsiksi,<br \/>\nkaikille, jotka uskovat h\u00e4neen. &#8221; (Joh.1:12)<\/p>\n<div class=\"text_exposed_show\">\n<p>T\u00e4n\u00e4\u00e4n on el\u00e4m\u00e4si tilaisuus. Jeesus kutsuu luokseen jokaista ihmist\u00e4 ja haluaa suhteen juuri sinun kanssasi. H\u00e4n on kuollut puolestasi, jotta voisit saada uudelleen yhteyden Jumalaan. H\u00e4n rakastaa sinua, haluaa antaa syntisi anteeksi ja kulkea kanssasi koko el\u00e4m\u00e4si. Voit tulla h\u00e4nen luokseen, vaikka olisit ep\u00e4onnistunut el\u00e4m\u00e4ss\u00e4 tai tuntisit itsesi kelvottomaksi. H\u00e4n haluaa auttaa sinua, jos sinulla on vaikeuksia tai tunnet el\u00e4m\u00e4si tyhj\u00e4ksi. Saat alkaa uudelleen alusta ja saat ennenkaikkea kest\u00e4v\u00e4n toivon iankaikkisesta el\u00e4m\u00e4st\u00e4.<\/p>\n<p>Sinun ei tarvitse tiet\u00e4\u00e4 tai osata mit\u00e4\u00e4n. Riitt\u00e4\u00e4, ett\u00e4 ainoastaan avaat syd\u00e4mesi h\u00e4nelle ja kutsut h\u00e4net el\u00e4m\u00e4si Herraksi. Voit ottaa yhteytt\u00e4 ty\u00f6ntekij\u00f6ihimme, niin autamme sinua eteenp\u00e4in. K\u00e4sittelemme kaikki yhteydenotot luottamuksella. Voit rukoilla seuraavan, niinsanotun syntisen rukouksen:<\/p>\n<p>&#8221;Herra Jeesus Kristus.<br \/>\nMin\u00e4 olen syntinen ihminen.<br \/>\nHaluan tunnustaa sinulle kaikki v\u00e4\u00e4r\u00e4t tekoni ja katua kaikkea tekem\u00e4\u00e4ni pahaa.<br \/>\nAnna minulle kaikki pahat tekoni anteeksi ja ota minut lapseksesi.<br \/>\nHaluan k\u00e4\u00e4nty\u00e4 pois kaikesta siit\u00e4, mink\u00e4 tied\u00e4n v\u00e4\u00e4r\u00e4ksi.<br \/>\nUskon, ett\u00e4 sin\u00e4 olet Jumalan ainoa Poika, ja ett\u00e4 sin\u00e4 k\u00e4rsit rangaistuksen, joka kuului minulle ja kuolit syntieni takia ristill\u00e4.<br \/>\nHaluan seurata Sinua Jeesus ja tunnustaa sinut my\u00f6s ihmisten edess\u00e4.<br \/>\nKiitos, ett\u00e4 kuolemasi kautta voin saada anteeksiantamuksen ja vapauden.<br \/>\nAuta minua el\u00e4m\u00e4\u00e4n niin, ett\u00e4 p\u00e4\u00e4sen kerran luoksesi taivaaseen.<br \/>\nAamen.&#8221;<\/p>\n<p>Rukoiltuasi esimerkiksi t\u00e4m\u00e4n rukouksen syd\u00e4mest\u00e4si, saat uskoa, ett\u00e4 olet nyt Jumalan lapsi ja matkalla Taivaaseen. Etsi itsellesi seurakuntayhteys luotamme tai jostain toisesta kristillisest\u00e4 seurakunnasta, jotta saat tukea uuden el\u00e4m\u00e4si alusta alkaen.<\/p>\n<\/div>\n<p>&nbsp;<\/p>\n<p>Ota tarvittaessa yhteytt\u00e4:<\/p>\n\n<div class=\"wpcf7 no-js\" id=\"wpcf7-f2664-o1\" lang=\"fi\" dir=\"ltr\" data-wpcf7-id=\"2664\">\n<div class=\"screen-reader-response\"><p role=\"status\" aria-live=\"polite\" aria-atomic=\"true\"><\/p> <ul><\/ul><\/div>\n<form action=\"\/index.php?rest_route=%2Fwp%2Fv2%2Fpages%2F2926#wpcf7-f2664-o1\" method=\"post\" class=\"wpcf7-form init\" aria-label=\"Yhteydenottolomake\" novalidate=\"novalidate\" data-status=\"init\">\n<fieldset class=\"hidden-fields-container\"><input type=\"hidden\" name=\"_wpcf7\" value=\"2664\" \/><input type=\"hidden\" name=\"_wpcf7_version\" value=\"6.1.5\" \/><input type=\"hidden\" name=\"_wpcf7_locale\" value=\"fi\" \/><input type=\"hidden\" name=\"_wpcf7_unit_tag\" value=\"wpcf7-f2664-o1\" \/><input type=\"hidden\" name=\"_wpcf7_container_post\" value=\"0\" \/><input type=\"hidden\" name=\"_wpcf7_posted_data_hash\" value=\"\" \/>\n<\/fieldset>\n<p>Nimi (pakollinen)\n<\/p>\n<p><span class=\"wpcf7-form-control-wrap\" data-name=\"your-name\"><input size=\"40\" maxlength=\"400\" class=\"wpcf7-form-control wpcf7-text wpcf7-validates-as-required\" aria-required=\"true\" aria-invalid=\"false\" value=\"\" type=\"text\" name=\"your-name\" \/><\/span>\n<\/p>\n<p>S\u00e4hk\u00f6posti (pakollinen)\n<\/p>\n<p><span class=\"wpcf7-form-control-wrap\" data-name=\"your-email\"><input size=\"40\" maxlength=\"400\" class=\"wpcf7-form-control wpcf7-email wpcf7-validates-as-required wpcf7-text wpcf7-validates-as-email\" aria-required=\"true\" aria-invalid=\"false\" value=\"\" type=\"email\" name=\"your-email\" \/><\/span>\n<\/p>\n<p>Puhelinnumero\n<\/p>\n<p><span class=\"wpcf7-form-control-wrap\" data-name=\"puhelin\"><input size=\"40\" maxlength=\"400\" class=\"wpcf7-form-control wpcf7-tel wpcf7-text wpcf7-validates-as-tel\" aria-invalid=\"false\" value=\"\" type=\"tel\" name=\"puhelin\" \/><\/span>\n<\/p>\n<p>Aihe (pakollinen)\n<\/p>\n<p><span class=\"wpcf7-form-control-wrap\" data-name=\"your-subject\"><input size=\"40\" maxlength=\"400\" class=\"wpcf7-form-control wpcf7-text wpcf7-validates-as-required\" aria-required=\"true\" aria-invalid=\"false\" value=\"\" type=\"text\" name=\"your-subject\" \/><\/span>\n<\/p>\n<p>Viesti\n<\/p>\n<p><span class=\"wpcf7-form-control-wrap\" data-name=\"your-message\"><textarea cols=\"40\" rows=\"10\" maxlength=\"2000\" class=\"wpcf7-form-control wpcf7-textarea\" aria-invalid=\"false\" name=\"your-message\"><\/textarea><\/span>\n<\/p>\n<p><input class=\"wpcf7-form-control wpcf7-submit has-spinner\" type=\"submit\" value=\"L\u00e4het\u00e4\" \/>\n<\/p><div class=\"wpcf7-response-output\" aria-hidden=\"true\"><\/div>\n<\/form>\n<\/div>\n\n<p>L\u00e4hett\u00e4j\u00e4n antamia tietoja k\u00e4ytet\u00e4\u00e4n vain tarvittavan ajan yhteydenpitoa varten.<br \/>\nTiedot vastaanottaa sivuillamme kulloinkin ilmoittamamme palkalliset ty\u00f6ntekij\u00e4t s\u00e4hk\u00f6postiinsa.<\/p>\n","protected":false},"excerpt":{"rendered":"<p>&#8221;Mutta kaikille, jotka ottivat h\u00e4net vastaan, h\u00e4n antoi oikeuden tulla Jumalan lapsiksi, kaikille, jotka uskovat h\u00e4neen. &#8221; (Joh.1:12) T\u00e4n\u00e4\u00e4n on el\u00e4m\u00e4si tilaisuus. Jeesus kutsuu luokseen jokaista ihmist\u00e4 ja haluaa suhteen juuri sinun kanssasi. H\u00e4n on kuollut puolestasi, jotta voisit saada uudelleen yhteyden Jumalaan. H\u00e4n rakastaa sinua, haluaa antaa syntisi anteeksi ja kulkea kanssasi koko el\u00e4m\u00e4si. &hellip; <\/p>\n<p class=\"link-more\"><a href=\"https:\/\/my.luukas.info\/?page_id=2926\" class=\"more-link\">Jatka lukemista<span class=\"screen-reader-text\"> &#8221;USKOONTULO&#8221;<\/span><\/a><\/p>\n","protected":false},"author":2,"featured_media":0,"parent":0,"menu_order":0,"comment_status":"closed","ping_status":"open","template":"","meta":{"saved_in_kubio":false,"footnotes":""},"class_list":["post-2926","page","type-page","status-publish","hentry"],"kubio_ai_page_context":{"short_desc":"","purpose":"general"},"_links":{"self":[{"href":"https:\/\/my.luukas.info\/index.php?rest_route=\/wp\/v2\/pages\/2926","targetHints":{"allow":["GET"]}}],"collection":[{"href":"https:\/\/my.luukas.info\/index.php?rest_route=\/wp\/v2\/pages"}],"about":[{"href":"https:\/\/my.luukas.info\/index.php?rest_route=\/wp\/v2\/types\/page"}],"author":[{"embeddable":true,"href":"https:\/\/my.luukas.info\/index.php?rest_route=\/wp\/v2\/users\/2"}],"replies":[{"embeddable":true,"href":"https:\/\/my.luukas.info\/index.php?rest_route=%2Fwp%2Fv2%2Fcomments&post=2926"}],"version-history":[{"count":8,"href":"https:\/\/my.luukas.info\/index.php?rest_route=\/wp\/v2\/pages\/2926\/revisions"}],"predecessor-version":[{"id":3424,"href":"https:\/\/my.luukas.info\/index.php?rest_route=\/wp\/v2\/pages\/2926\/revisions\/3424"}],"wp:attachment":[{"href":"https:\/\/my.luukas.info\/index.php?rest_route=%2Fwp%2Fv2%2Fmedia&parent=2926"}],"curies":[{"name":"wp","href":"https:\/\/api.w.org\/{rel}","templated":true}]}}